617663
Convert -1651110 (base 8) to base 9.
-811158
What is 196017 (base 12) in base 15?
8c17d
-4e050 (base 16) to base 15
-64a48
Convert -2312011230 (base 4) to base 16.
-b616c
What is 81223 (base 13) in base 5?
24343202
Convert -6271625 (base 10) to base 6.
-342231145
-6b6a2c (base 13) to base 4
-21300032213
What is -451681 (base 9) in base 2?
-1000001111111010001
-103222112 (base 4) to base 5
-10034114
Convert -579ec (base 16) to base 4.
-1113213230
-240202213 (base 5) to base 7
-12231616
What is 14120243 (base 6) in base 13?
139185
What is 6b73 (base 16) in base 12?
13b03
-13200310 (base 4) to base 5
-1441042
What is -58112a (base 13) in base 14?
-3c49ab
47183 (base 12) to base 13
344a6
Convert 151531310 (base 6) to base 11.
1874a55
What is -2336421 (base 10) in base 7?
-25600503
1312241 (base 6) to base 15
16424
What is 1011000101000001011111 (base 2) in base 4?
23011001133
Convert aa6a7b (base 12) to base 14.
506a2b
-1001101001001000010 (base 2) to base 16
-4d242
Convert 645579 (base 10) to base 12.
271723
What is 12210021111000 (base 3) in base 7?
35100636
12234040 (base 5) to base 10
118020
Convert -101011011000101000101 (base 2) to base 12.
-586859
What is -110972 (base 10) in base 14?
-2c628
-11111110010100110 (base 2) to base 16
-1fca6
Convert 4100204 (base 5) to base 12.
32013
What is 1213477 (base 8) in base 5?
41134011
Convert 144632 (base 8) to base 7.
303316
What is 4995db (base 15) in base 3?
20122002011022
What is 4a256b (base 13) in base 6?
102022422
-960394 (base 14) to base 4
-103112030032
What is 13a8d (base 14) in base 13?
19249
What is -1010011100000101110 (base 2) in base 16?
-5382e
Convert -5842554 (base 9) to base 10.
-3157753
What is 1000101111111111110000 (base 2) in base 3?
11022112102111
What is -76993 (base 10) in base 6?
-1352241
Convert -1300103220 (base 4) to base 6.
-13505400
What is 1133344 (base 8) in base 5?
34341324
What is 9927d2 (base 14) in base 2?
10011110011110111110100
1232141 (base 6) to base 3
10101100021
-21693a (base 13) to base 11
-497504
110101010011011110011101 (base 2) to base 13
2b832b4
What is 12332013 (base 5) in base 8?
354063
What is -6071258 (base 9) in base 13?
-89390c
878308 (base 11) to base 9
2566052
4123032331 (base 5) to base 15
b115e6
What is 100001011110001101010 (base 2) in base 5?
240044220
Convert -1384b28 (base 12) to base 7.
-45131240
What is 2000000143 (base 5) in base 3?
21100110102201
What is 277136 (base 14) in base 12?
559438
1a63c8 (base 15) to base 14
256cdc
Convert -18606721 (base 9) to base 2.
-100011110101011001010111
Convert -100332121 (base 5) to base 3.
-202102122212
-61e8b (base 16) to base 5
-100313120
What is -12200022 (base 5) in base 13?
-40832
What is -23240171 (base 9) in base 2?
-101011000111111100101100
-1011122200 (base 4) to base 6
-10032144
What is -121121122202010 (base 3) in base 10?
-8830920
-4f0bc (base 16) to base 5
-40330042
What is -1121013023 (base 4) in base 6?
-11453455
Convert -22211002012110 (base 3) to base 7.
-54555162
What is -109fa (base 16) in base 10?
-68090
What is -445661 (base 8) in base 15?
-2e89e
547434 (base 11) to base 12
361709
Convert -3104c (base 15) to base 5.
-14432242
Convert -45424737 (base 8) to base 4.
-211202213133
Convert -233195 (base 11) to base 3.
-200210212201
What is -1012002210010 (base 3) in base 10?
-631884
What is -12200012000 (base 3) in base 10?
-111672
What is 10220002121 (base 3) in base 13?
28b46
What is -160561 (base 7) in base 12?
-16291
What is -38311a (base 16) in base 13?
-9bc25b
-233313102 (base 4) to base 9
-327833
-128cd (base 16) to base 9
-125203
-10000111100111100101111 (base 2) to base 12
-15a3893
13785 (base 9) to base 11
7069
What is aa9416 (base 14) in base 7?
100124226
9a677 (base 14) to base 5
43440330
-2210001 (base 6) to base 16
-1ae51
57227 (base 9) to base 15
b44a
Convert -c17416 (base 13) to base 7.
-53151655
Convert 6cc34c (base 14) to base 9.
7001862
What is cd77 (base 14) in base 7?
205510
What is 102121303 (base 4) in base 11?
516a7
Convert -1233480 (base 10) to base 12.
-4b59a0
Convert 5115404 (base 9) to base 11.
15a2749
What is 78368 (base 11) in base 12?
55884
What is 55034350 (base 7) in base 15?
631e47
What is 1004207 (base 8) in base 10?
264327
What is 37071470 (base 8) in base 14?
1124408
5230a (base 12) to base 2
11010010000111010
-301212120 (base 4) to base 10
-203160
-4146643 (base 8) to base 9
-2057526
What is -256300631 (base 7) in base 11?
-9294590
What is 10dc0c4 (base 15) in base 2?
101110000111100001011010
-3b343 (base 15) to base 7
-1420113
What is 2c857 (base 16) in base 15?
39074
What is 240301431 (base 5) in base 6?
35352102
Convert 128c9 (base 15) to base 6.
1134500
What is 1d9dd7 (base 14) in base 12?
434161
What is -111000000100101110 (base 2) in base 14?
-5d9b8
314939 (base 13) to base 9
2146305
What is 4230a5 (base 11) in base 13?
1a9558
Convert 5405a2 (base 14) to base 8.
12662402
Convert 1001100110111100000100 (base 2) to base 4.
21212330010
What is -1165052 (base 7) in base 12?
-731b2
65893a (base 12) to base 6
54314114
Convert -77463 (base 12) to base 16.
-268cb
What is 320427 (base 15) in base 5?
1102132222
-2111131323 (base 4) to base 6
-21042203
-3136553 (base 9) to base 4
-12121220322
What is 10011010110101011001000 (base 2) in base 3?
100112202200102
Convert 331311250 (base 6) to base 13.
130447b
Convert 44530 (base 9) to base 16.
7398
What is -65c9dc (base 15) in base 10?
-4852107
Convert ec812 (base 15) to base 5.
143013232
What is -11125616 (base 9) in base 4?
-110210012013
What is -11112201212 (base 3) in base 2?
-10101110110000010
What is -20047203 (base 8) in base 6?
-230155043
Convert -666000 (base 8) to base 5.
-24134011
2835117 (base 9) to base 8
5744253
Convert -110111001001101101 (base 2) to base 7.
-1630414
Convert -282c64 (base 16) to base 15.
-370154
-45a816 (base 12) to base 14
-211346
Convert -102100210121 (base 3) to base 8.
-664651
385a74 (base 11) to base 10
608227
What is 17865 (base 10) in base 3?
220111200
10001 (base 13) to base 10
28562
Convert -263cb9 (base 16) to base 14.
-49333b
-3029270 (base 11) to base 5
-2332400023
What is -20021221012122 (base 3) in base 6?
-155405112
Convert 4cb65 (base 14) to base 3.
100121000222
What is -1964653 (base 10) in base 3?
-10200210222221
What is -4322 (base 5) in base 16?
-24b
Convert -5110884 (base 9) to base 4.
-22120323103
3660124 (base 7) to base 5
104441022
-32021414 (base 5) to base 8
-1011545
What is 30011302 (base 5) in base 11?
150790
What is 1cb958 (base 16) in base 2?
111001011100101011000
-1394d6 (base 16) to base 9
-2365303
Convert -1191b2 (base 12) to base 13.
-9cb99
What is 2b11 (base 15) in base 5?
243431
What is 101102221210201 (base 3) in base 12?
1a3779a
-324232131 (base 6) to base 9
-11827301
Convert 8981921 (base 10) to base 5.
4244410141
Convert -5135414 (base 6) to base 8.
-740642
Convert -45102 (base 12) to base 10.
-91730
What is 2397336 (base 11) in base 9?
7752077
What is 124a0b (base 12) in base 15?
5d762
What is 1a7771 (base 14) in base 11?
594267
What is -1022100120002 (base 3) in base 16?
-a9e41
-710350 (base 15) to base 5
-2333221000
Convert -44010205 (base 6) to base 16.
-13f45d
Convert 1651526 (base 7) to base 9.
382012
-15a85 (base 13) to base 9
-62638
Convert -204444314 (base 5) to base 15.
-11e93e
-2034414021 (base 5) to base 13
-b48433
16971b (base 13) to base 11
35551a
What is 6c297b (base 16) in base 6?
411533055
-ab8a46 (base 12) to base 9
-5123210
415c0d (base 14) to base 4
20122201211
Convert -81021 (base 9) to base 16.
-cff4
What is 1157813 (base 12) in base 8?
14622317
952c9 (base 16) to base 14
11c961
Convert 1001102022221 (base 3) to base 11.
352301
Convert -c48ab (base 13) to base 15.
-6e8e3
435255 (base 11) to base 5
134220314
Convert 89401 (base 12) to base 2.
101100011100000001
What is -95a8a (base 15) in base 4?
-1303330000
What is -868b4 (base 12) in base 4?
-223112020
Convert 37c271 (base 14) to base 12.
784823
101001000111001000110111 (base 2) to base 5
10224332033
Convert -10032234 (base 6) to base 3.
-112110001111
Convert -23224145 (base 6) to base 2.
-10101111100001000001
What is -55157 (base 12) in base 4?
-123132103
What is -17356062 (base 8) in base 4?
-33131300302
586bb (base 12) to base 15
251ab
What is cbd2 (